 (0 - 6)?
2
Evaluate -2 - (0 + 1 - (37 - 38)).
-4
What is 2 + 8 - (10 - 4)?
4
What is (-39 - -34) + -1 + 10?
4
Calculate -2 - (2 - 2 - 7).
5
Evaluate (7 - 2 - 4 - -5) + -16.
-10
3 + (7 + -12 - (2 + -9))
5
What is the value of -1 + 5 + (-1 - 1)?
2
3 + (-2 - -3) + -6
-2
What is -1 + -1 - (-1 + 7 + -7)?
-1
Evaluate 5 + -4 + (-7 - -1).
-5
(-7 - -23) + -3 - 9
4
Evaluate 22 + -27 - (0 - 0) - -8.
3
-2 - (-4 - -7 - 0) - -3
-2
2 + -1 + 2 + -2 - -3
4
Calculate (13 - (1 + 4)) + (2 - 7).
3
What is -6 - (-3 + -6 + 0 + 0)?
3
What is 2 - -1 - (3 + 1) - -3?
2
What is (-2 - -8) + -41 + 38?
3
Calculate (-8 - -11) + -2 + 0 + -2.
-1
Calculate (14 - (4 + -4)) + -18 + 11.
7
What is 2 - (-2 + 3 + -1 + 0)?
2
-3 - (0 + -1 - -1 - 2)
-1
0 + 1 - -1 - (-6 + 3)
5
Evaluate 7 + -6 + 4 + -1.
4
Evaluate -6 - (-9 - (7 + -8 - 3)).
-1
Evaluate -1 + -5 + 12 + -9.
-3
What is (12 - 2) + (-6 - 8 - -12)?
8
Calculate (9 - 3 - 8 - -8) + 0.
6
What is the value of 1 + (2 - -1 - 4) + -4?
-4
2 + (18 - 4) + (13 - 20)
9
Calculate -6 + (7 - -5) + -9.
-3
What is 126 + -121 - (2 + -1 + 0)?
4
What is 9 + (-3 - -4) + -7?
3
What is -11 + 48 - 25 - (0 - -8)?
4
-21 + 18 + (-1 - -4)
0
4 + 2 + -2 + -25 + 25
4
Calculate 20 - 7 - 15 - (-1 - -5).
-6
What is the value of 5 + 1 - (-14 + 5 - -11)?
4
What is the value of 6 + (-5 - -2) - 5 - -2?
0
5 - ((-17 - -16) + 0 + 0)
6
Calculate 1 - ((-18 - -6) + 0) - 8.
5
1 + -6 + 2 + 6 + -4
-1
Evaluate 1 - 1 - (68 - 66).
-2
Calculate 4 + (10 + -6 + -7 - -5).
6
What is -4 + 6 + (1 - (0 - 1))?
4
What is the value of 0 + 1 + (-26 - -30)?
5
What is the value of (6 - 1) + -27 + 26?
4
7 + -4 + 4 + 3 + -11
-1
What is the value of 5 - ((-3 - -2) + 4)?
2
What is the value of 1 + (1 - -1) + 2 + -7?
-2
What is the value of -1 - -2 - (-4 - -1)?
4
What is -3 + 6 + (-6 + 2 - -6)?
5
Evaluate -1 - (1 + (1 - (1 - 0))).
-2
-4 + (5 - (4 + 3))
-6
Calculate 6 - 3 - (8 + 1).
-6
Evaluate -1 + 4 + (-6 - (3 - -2)).
-8
What is -2 - (1 + (5 - 13))?
5
What is the value of -1 - ((7 - 9) + 2)?
-1
What is the value of -23 - -27 - (-1 - 1)?
6
What is 2 + (4 - 6) + -8?
-8
What is the value of 7 + -1 - (-1 + 5) - 3?
-1
What is -1 - (4 + (-10 - -3) + 7)?
-5
Evaluate -7 + (-4 - -3 - -3 - 0).
-5
Calculate -1 + -7 + (144 - 139).
-3
Calculate 6 + (0 - -1) + -8 - 5.
-6
9 + (-10 - -13) + -3
9
What is the value of (13 - 14) + 0 + 3?
2
What is the value of 4 + -1 + (2 - 6) - -3?
2
What is the value of (1 - -5) + -4 + -6 - -9?
5
What is the value of (5 - (-8 + 7)) + -4?
2
Calculate (3 - -1) + (3 - 9).
-2
What is the value of (1 - 2) + (4 - 1) - -3?
5
Evaluate 1 + 0 + (-17 - -8).
-8
What is -4 + 0 + (-2 - -8)?
2
Calculate -6 + -10 + 6 + 8 + -3.
-5
2 - (-3 - -4) - (0 - 0)
1
Calculate (1 - -1) + (9 - (-9 + 19)).
1
Evaluate 1 - (-2 + -3) - (-61 - -72).
-5
Calculate -2 - -6 - (5 + 0).
-1
-1 - ((4 - 4 - -5) + -3)
-3
-31 - -37 - (0 - 0)
6
What is 5 + 4 + -12 + (19 - 9)?
7
What is the value of 3 - (-3 + (-4 - (-3 + -4)))?
3
Evaluate -7 - (-2 + (1 - 3)).
-3
What is -2 + 6 - (0 - 4)?
8
(2 - (6 - (-2 - -4))) + -3
-5
Evaluate -2 - (-3 + 1) - -4.
4
What is 4 - (-2 + (14 - 2)) - -1?
-5
(-4 - -7) + -13 - -9
-1
What is -3 - (-2 + -1 + -8 + 14)?
-6
What is the value of -1 - (-2 + -1) - (4 + -1)?
-1
Calculate 0 + (-2 + 2 - 4) - -6.
2
Evaluate (-13 + 10 - -3) + (2 - -7).
9
Calculate (0 - 13 - -6) + 2 + 0.
-5
Evaluate -143 - -135 - (4 + -1).
-11
Calculate (1 - (0 + 5)) + -1 + 5.
0
Calculate 29 - 21 - (0 - -7).
1
What is the value of -8 - ((-3 - 10) + -3)?
8
Evaluate (2 - -3) + -3 + (-2 - 2).
-2
Calculate 9 + -13 + -3 + 10.
3
(6 - 4) + -3 + -2
-3
What is the value of (-11 - 11) + 12 - -11?
1
What is -1 + -2 - (100 - 98)?
-5
Evaluate -4 + (3 - -1) - -2.
2
Calculate (1 - (-5 - -8)) + 2 + 2.
2
What is the value of (18 - 10) + -12 - (-8 - 0)?
4
Calculate 4 + 0 - (-14 - -16).
2
21 + -18 + -1 + 1
3
Evaluate -4 + 3 + (-5 - -1).
-5
What is the value of 0 + 4 + 17 + -21?
0
What is -12 + 11 + -17 - -10?
-8
Evaluate 0 + -3 + 1 + (-7 - -8).
-1
Evaluate (-5 - 0) + 0 + 1.
-4
Evaluate -28 - -23 - (5 + -11).
1
Calculate -1 + (-4 + -8 + 4 - -4).
-5
What is the value of 1 + 11 - 14 - (-1 - -2)?
-3
Evaluate 6 + -5 - -10 - 4 - 0.
7
Calculate 3 - ((1 - -4) + 0).
-2
What is -12 - (4 - (8 - -2))?
-6
What is the value of 9 - (1 - (-8 + -1))?
-1
What is the value of 4 + 0 - (6 + -7)?
5
Calculate 8 + 0 + (-3 + -3 - -3).
5
Calculate 4 - 0 - (-7 + 9).
2
(3 - -12 - 5) + -5
5
Calculate -19 + (3 - -2) - -5.
-9
What is -13 + 7 + 6 - -2?
2
Evaluate (2 + -9 - -2) + 10 + -6.
-1
What is the value of 4 + -1 - (-10 + 7)?
6
What is the value of (4 - 14) + -9 + 19?
0
What is 6 + (-12 + -4 - -7)?
-3
Evaluate (-1 - (-3 + -3)) + -6.
-1
What is the value of 1 - ((8 - (-2 - -23)) + 8)?
6
Evaluate -2 + 5 + 0 - (7 + -7).
3
Evaluate -1 + 3 - (-2 + 0 + 7).
-3
10 + 0 + -9 + -7
-6
What is the value of -3 - -8 - (4 + 4)?
-3
What is 7 + (-9 - (-5 - 1 - 1))?
5
What is 4 + -3 - (-2 + 5)?
-2
Calculate (-6 - 0 - -7) + -3.
-2
Evaluate 2 + -6 - -8 - 5.
-1
What is the value of 3 - (1 - (0 + -5 + 0))?
-3
4 + (4 - ((15 - 4) + -6))
3
Calculate -82 + 69 + (0 - (-8 + 1)).
-6
Evaluate -2 - -11 - (18 + -7).
-2
-2 - (0 + -5 + -3 + 4)
2
-2 - (1 + 0) - (-7 + 1)
3
Calculate -2 + 4 - -2 - 2.
2
What is the value of -5 - ((4 + -7 - 4) + 0)?
2
Calculate 6 + 0 - (153 - 145).
-2
What is the value of (21 - 17) + (-1 - (0 + 0))?
3
What is -4 + 5 - (0 + 0 + 1)?
0
What is 0 + 4 + -4 + 4?
4
What is 7 + 0 + -1 + 1 + -7?
0
What is -2 - ((1 - 12) + 5)?
4
What is -10 + 6 - (0 - -1)?
-5
What is the value of (-9 - (-2 + 6)) + (-15 - -22)?
-6
What is -4 + -2 + (26 - 14)?
6
What is -2 + 1 - (-6 - (0 + -4))?
1
What is the value of 4 - (1 - -5 - 3)?
1
Evaluate -12 + -3 + (-3 - -9) + 1.
-8
What is the value of (55 - 67) + 14 + -2?
0
8 - 1 - (4 + 9 - 5)
-1
Calculate (-4 - (7 - 5)) + 5.
-1
-11 + 5 + (14 + 0 - 0)
8
What is the value of 17 - 12 - (8 + 2)?
-5
-3 - -7 - (0 - (3 - 5))
2
(-1 - (2 - -2)) + (46 - 48)
-7
What is the value of 5 + -1 + -3 - (-2 + -2)?
5
What is -3 + -6 + (0 - -4)?
-5
Calculate 2 + 3 - 8 - 1.
-4
What is the value of (1 - -1) + (-10 - -8)?
0
What is the value of 6 + -8 + -2 + 9?
5
4 + (-3 - (-6 - -4))
3
Evaluate 1 - 7 - (-7 + 4 - -1).
-4
-5 - (7 - (-5 + 14 + 2))
-1
Calculate 0 + -2 + (0 - -4).
2
-2 + (8 + -5 - -5)
6
11 - (6 + -3 + 0)
8
What is the value of -1 + 0 + (-2 - -1) + -1?
-3
-2 + 0 + -27 + 28 - -4
3
Calculate (7 + -6 - 1) + -4.
-4
What is -1 - (-2 + 5 + 1 + -2)?
-3
What is the value of -7 + (-1 - (-5 + -2 + 4))?
-5
4 - 0 - (10 - 7)
1
Evaluate -4 - (-5 + 9 - (11 + -1)).
2
What is -13 - -24 - (0 - -6)?
5
What is the value of 12 - ((13 - 11) + 7)?
3
What is 9 - 0 - (7 - -5 - 9)?
6
What is the value of -4 - (-5 + (5 - 0) + 0)?
-4
What is (-2 + 6 - -4) + -2 + 0?
6
What is the value of (5 - (-5 - -5 - -4)) + 5?
6
What is (-3 - (-6 + -2)) + -3?
2
Evaluate -1 - -2 - 3 - 1.
-3
Calculate -5 + (0 + 6 - 5).
-4
Evaluate 1 + -1 + (2 - 5).
-3
What is 3 - (6 + (-2 - 4 - -3))?
0
-3 - (3 - (-4 - (-14 + -1)))
5
What is 5 + (2 - 18 - -9)?
-2
What is (-3 + 1 - (-73 - -78)) + 7?
0
Evaluate 28 + -7 + 1 + -12.
10
What is the value of (0 - (0 + 1)) + -5 + 1?
-5
What is the value of 9 + (-10 - -3) + -5?
-3
What is 0 - (3 + -5 - 0)?
2
What is (5 - -1) + (-4 - 1)?
1
1 + (-3 - 1) - (0 + -6)
3
What is the value of (-1 - -5) + -20 + 12?
-4
(-4 - -4) + (0 - (0 - -2))
-2
Calculate (7 - (12 + -7)) + -6.
-4
Evaluate 5 - (-6 + (-2 - (-2 + -4))).
7
What is (0 + -7 - -6) + (1 - 4)?
-4
14 - (8 + 9 + -9)
6
What is 1 + (11 - 10) + 2 + 0?
4
Calculate -10 + (-1 - -21) + -8.
2
What is the value of 34 - 23 - (6 - 2)?
7
Calculate 5 - (1 + -3 + 1 + 1).
5
What is the value of -11 + -8 + 18 + 2?
1
Evaluate (-1 - -2) + 1 + (1 - -1).
4
What is 1 - 5 - (-11 - -4)?
3
Evaluate 29 - 31 - (0 + -2 + -1).
1
What is the value of -1 - (0 + -6) - 3?
2
6 + -12 + 6 + 4
4
What is -5 - -1 - (-2 + -7)?
5
Calculate 2 - (0 + 1) - (4 + 1).
-4
Calculate -1 + -5 + -85 + 90.
-1
Calculate (-1 - (-6 + 2)) + -3.
0
-1 + 4 + 1 + -2 + 1
3
Evaluate (-22 - -32) + -7 + (0 - -1).
4
What is the value of 3 + 0 + -2 - (1 - -10)?
-10
What is the value of 11 + (-8 - 0 - -2)?
5
Evaluate 4 + -7 - (0 + 1 + 0).
-4
Evaluate 2 + (2 - 0) + 1 + 1.
6
4 - (0 - 3) - 2 - 0
5
Calculate -16 + 0 + 1 + (-152 - -159).
-8
Evaluate 4 + (1 - (12 - 5)).
-2
Calculate (8 - 6 - 4) + 2.
0
What is the 